*u**3 - 3*u**3 + 3 - y - 2*u**3. Give m(-2).
-6
Let c = 11 + -6. Let r(p) = 5 + p**3 - 1 - 3*p + 7*p**2 - c*p**2 - 2. Calculate r(-3).
2
Let b(r) = -8*r**3 - 9*r**2 - 10*r - 9. Let l(y) = 7*y**3 + 8*y**2 + 9*y + 8. Suppose 5 = 3*f - 16. Let q(t) = f*l(t) + 6*b(t). What is q(-2)?
-4
Suppose 5*s + 6 = 1. Let t = s + 2. Let x(a) be the second derivative of a**5/2 - a**4/6 + a**3/3 - a**2/2 - a. Determine x(t).
9
Suppose -d + 5*d - 12 = 0. Let f(m) = 9*m**3 - 4*m**2 + m. Let g(n) = -4*n**3 - 2*n**2 + n**2 + 3*n**2. Let o(b) = -3*f(b) - 7*g(b). Give o(d).
0
Let f(w) = -4*w**2 - 1. Suppose -4*m = -y - 11, 2*m + 3*m = -3*y + 18. Suppose -m*p - p = -4. Calculate f(p).
-5
Let j(p) = p**3 + p - 1. Let n(c) = -3*c**3 + 6*c**2 + 2*c + 7. Let o(m) = -4*j(m) - n(m). Calculate o(-4).
-11
Let n be (-4)/10*15/3. Let v(s) be the second derivative of s**4/12 + s**3/2 + s**2 + s + 7. Determine v(n).
0
Let a(s) = 4*s - 2. Let k(f) = -f + 1. Let r = 1 + -2. Let i(q) = r*a(q) - 6*k(q). Calculate i(5).
6
Let b(g) = -7*g**2 + g**3 - 9 + 9*g + 0*g**3 + 2 + 0*g**3. Calculate b(6).
11
Let k(n) = n**2 + n. Let t(p) = -7*p**3 - 2*p**2 - 2*p - 1. Let l(j) = 3*k(j) + t(j). What is l(1)?
-6
Let p(n) be the first derivative of -3*n**2 + 13. Let x(k) = 0*k**2 + k**2 - k**3 + 5 + 2*k**2 + 3*k. Let d be x(4). Calculate p(d).
-6
Let d(q) be the third derivative of -q**7/630 + q**6/360 - q**5/120 - q**4/24 + q**2. Let h(w) be the second derivative of d(w). Give h(1).
-3
Let a(m) = m + 8. Suppose 0 = -b - 3*b - n - 27, -3*n = -5*b - 55. Let y be b + 3 - 1 - 0. Determine a(y).
2
Let a = 7 - 6. Let o(l) = -l - 1. Calculate o(a).
-2
Let q(a) = -31*a + a**3 + 32*a + 3 + 8 + 3. Determine q(0).
14
Let y(t) be the third derivative of t**8/10080 + t**7/840 + t**6/240 - t**5/60 - t**2. Let f(s) be the third derivative of y(s). Calculate f(-4).
11
Let v(j) = 4*j + 1. Suppose 13 = 5*s + 3. Suppose -s*n + n = -a - 3, -5*n + 4*a = -13. What is v(n)?
5
Let f = -27 + 32. Let r(u) be the third derivative of -u**4/24 + 2*u**2. Determine r(f).
-5
Let w(t) = -52*t + 105*t - 54*t + 2. Let n = -9 - -10. Determine w(n).
1
Let d(k) = -2 + 2 + 1. Let t(x) = -x + 2. Suppose 0 = -2*w - 3*i - 8, i - 4 = -5*w + 2. Let b(f) = w*d(f) - t(f). What is b(2)?
2
Let i(u) = u**2 - 4*u - 1. Let w be 1/(3/6) + 2. Let x be (-8 + 2)*(-2)/w. Suppose -5*q - 13 = 3*f, 0 = -3*f - 3*q - x - 0. Give i(f).
-1
Let o be 2/(-3) - (-51)/9. Let d(h) = -h**2 + 5*h - 4. Let l be d(o). Let p(u) = -3*u + u**2 - 2*u**2 - u + 2. Calculate p(l).
2
Let c(m) = -2*m**2 - 6*m - 1. Let z(f) = f**2 - f. Let i(l) = 4*l**2 - l - 3. Let k(b) = i(b) - 5*z(b). Let u be k(3). Suppose u = q - 5*q - 16. Calculate c(q).
-9
Let n be (-12)/(-9)*(-9)/6. Let c(j) = j**3 + 2*j**2 + 4*j + 3. Give c(n).
-5
Let v(w) = w**2 - 6*w + 5. Let q be v(5). Suppose q = -3*m + 2*p + 4, -5*p + p - 4 = -4*m. Let d(l) = -m*l + 2*l**2 - 2 - 2*l + 5*l + 4*l. Give d(-4).
10
Suppose 3 = 4*p - 13. Let r(u) = -u**3 + 3 - 3 - u + 0*u**2 - u**2 - p. Determine r(0).
-4
Let h(k) = k - 4. Let z be (1 - -5)*5/3. Let v = z + -9. Suppose 2*s - 7 = v. Determine h(s).
0
Let u(c) = -6*c**2 + 3*c + 7. Let s(j) = -5*j**2 + 2*j + 6. Let z(a) = 7*s(a) - 6*u(a). Give z(4).
0
Let l be ((-12)/(-32))/(4/32). Let k(r) = -l - 2*r - 9*r**2 - 2*r + r + 7*r**2. Give k(-2).
-5
Let a(d) be the first derivative of d**4/4 - d**3 - 5*d**2/2 - 2*d - 58. What is a(4)?
-6
Let n(g) = g + 3. Let a be n(-7). Let q(j) = 3*j**2 - 9*j - 6. Let o(i) = -i**2 + i + 1. Let c(u) = 4*o(u) + q(u). What is c(a)?
2
Let d(z) = -z**3 - 4*z**2 - 4*z - 3. Suppose -40 = 5*w - 25. Calculate d(w).
0
Let y(j) = -2*j. Let q(u) = u. Let l(v) = -3*q(v) - y(v). Let z be -4 - (-2 - -1)*-1. Give l(z).
5
Let i(b) be the first derivative of -1/2*b**2 - b - 5/4*b**4 + 1/3*b**3 - 1. Give i(-1).
6
Let v(d) be the second derivative of -d**4/6 + d**3/3 - d**2 - 9*d. Suppose -2*m - 3*m + 155 = 0. Suppose -2*r + r - 18 = 4*a, 3*r - 5*a = m. What is v(r)?
-6
Let a(q) be the second derivative of q**3/6 + q**2/2 - 2*q. Give a(3).
4
Let s(r) be the third derivative of -r**9/60480 + r**8/20160 + r**7/2520 - r**6/240 + r**5/20 - 2*r**2. Let d(v) be the third derivative of s(v). What is d(2)?
-3
Let i(f) = 10*f - 39 - 5*f**2 + 0*f**3 - f**3 - f**2 + 49. Determine i(-7).
-11
Let d(h) be the third derivative of -h**4/24 - 3*h**2. Let c(a) = -a**2 - 4*a + 3. Let j(p) = c(p) - d(p). Give j(-5).
-7
Let n(y) = -y**3 + 6*y**2 - y + 4. Let o = 23 - 17. What is n(o)?
-2
Let r(n) be the third derivative of -n**5/60 - n**4/3 + 28*n**2 - 2. Calculate r(-7).
7
Suppose 4*s = -12, 3*s + 6 = -5*z - 28. Let c(q) = 7*q + 2. Let t(n) = -8*n - 1. Let p(v) = 6*c(v) + 5*t(v). Determine p(z).
-3
Let w = -3 + 5. Let o = -1 + w. Let f(q) = -7*q**3 + q**2. Determine f(o).
-6
Let z(u) = -u. Let p = -7 + 13. Calculate z(p).
-6
Let z(b) be the third derivative of b**5/60 - b**3/3 - 23*b**2. What is z(0)?
-2
Let a be 3 - 10/(-6)*-3. Let q = -2 - a. Suppose q = 5*v - v + 20. Let n(z) = -z**3 - 4*z**2 + 4*z + 1. Determine n(v).
6
Let u(b) = 2*b - 1. Suppose -15 = -0*y - 5*y. Suppose y*r + 10 = 5*r - 4*m, -m + 2 = -5*r. What is u(r)?
-3
Suppose -4 = 5*s - 4*o + 34, -2*o = 5*s + 26. Let t(g) = -g**3 - 6*g**2. Determine t(s).
0
Suppose 12*m - 6 = 14*m. Let f(x) = x + 5. Calculate f(m).
2
Let t = -9 + 3. Let i be ((-6)/4)/(t/8). Let b(s) be the first derivative of -s**2 + 3*s - 342. Give b(i).
-1
Let b(i) = -i**3 + 2*i**2 + 3*i + 4. Let c(x) = 2*x**3 - 3*x**2 - 6*x - 7. Let a = -11 + 16. Let n = -2 + a. Let m(s) = n*c(s) + 5*b(s). Determine m(-2).
1
Let m = 7 - 6. Let v(i) = -3*i + 0*i**2 - 1 + m - 2 - i**2. Calculate v(-4).
-6
Let z(v) = -2 + 3 + v + 1 + 8. Determine z(-8).
2
Let m(v) = v**2 - v. Let s(n) = 7*n**2 - 3*n + 2. Let i(z) = -6*m(z) + s(z). Determine i(-3).
2
Let p(x) = 4*x**3 - 25*x**2 - 14*x - 16. Let k(n) = n**3 - 8*n**2 - 5*n - 5. Let m(v) = 7*k(v) - 2*p(v). What is m(-5)?
7
Suppose 2*p + p = 6. Suppose -2*r - p = -0. Let m be r*(-2)/1 + -2. Let s(n) = n + 5. Give s(m).
5
Suppose u - 3*o - o = 14, 4*o + 26 = -u. Let i be (-8)/6*3/(-2). Let a(x) = -x**3 + 7*x + 7*x - 5*x**i - 1 - 9*x. Determine a(u).
5
Let b = 2 + -1. Let j = -3 + b. Let q(u) be the third derivative of u**4/4 + u**3/3 - u**2. Determine q(j).
-10
Let c(x) = -x**2 + 6*x + 2. Suppose r = 2*z + 8, -2*r - 5*z + 1 - 3 = 0. Give c(r).
10
Suppose -25 + 1 = -4*o. Let c(x) = x**2 - 6*x - 8. Calculate c(o).
-8
Let o(a) = -a**2 - 2*a + 3. Suppose -8*f + 20 = -4*f. Let z(u) = -u**2 + 4*u + 2. Let r be z(f). Give o(r).
0
Let s be (2 - (-7)/(-3))*-12. Let u(d) = -4*d**2 + 2. Let l(f) = -3*f**2 + f + 3. Let t(j) = 3*l(j) - 2*u(j). Calculate t(s).
1
Let j be 2/((-6)/(-3))*(-2 - -8). Let d(m) = -m**3 + 7*m**2 - 8*m + 9. Determine d(j).
-3
Let j(q) = -2*q - 2. Let f = -4 + 8. Suppose f*z = 2*z - 6. Give j(z).
4
Let d(l) = l**3 + 4*l**2 - 3*l + 3. Let n(x) = 0*x + 14 - 16*x + x**2 - 4. Let f be n(15). What is d(f)?
-7
Suppose 3 - 1 = -2*h. Let j be -1 + h + 3 - -1. Let g(z) = -3*z - 5 + z**2 + 8*z - j. Determine g(-6).
-1
Let c(r) = -5 + 5 - 3*r. Determine c(-2).
6
Let b(x) be the second derivative of -x**5/20 - 3*x**4/4 + 5*x**3/3 + 5*x**2/2 - 42*x. Determine b(-10).
5
Let h(l) = -l. Let n be h(-3). Suppose -n*g + 5*f - 16 = g, 0 = 3*g - 4*f + 12. Let v(w) = -w**2 - 4*w - 2. Determine v(g).
-2
Let n(l) = -l**2 - 7*l - 6. Let c(d) = -2*d - 5. Let b be c(-5). Let p be b/2*(1 + -3). Give n(p).
4
Let p be 2*(2 + 0)/(-2). Let q(o) be the first derivative of -2*o**3/3 + o - 3. Determine q(p).
-7
Let s(p) = -p**2 - 2*p - 1. Let i = -8 - -1. Let h(x) = 2*x + 13. Let y be h(i). Calculate s(y).
0
Let p(j) = j**3 + 7*j**2 + 7*j + 7. Suppose 0 = 6*q - 3*q + 18. Determine p(q).
1
Let y(w) = -3*w + 2. Suppose 5*m + 3 = -2. Let f(q) = 2*q**2 - q. Let z be f(m). Let b be (-2 - (-8)/z)*-3. Give y(b).
8
Let l = -16 + 10. Let d(u) be the second derivative of u**4/12 + 7*u**3/6 + u**2 + 5*u. Give d(l).
-4
Let g(o) = 2*o - 1. Suppose 5*f - 15 = -0*f. Suppose -29 = -4*d + f*q - 8, 4*d - 6 = -2*q. Suppose 0 = -3*x - d, x + 10 = -5*y - 6. Determine g(y).
-7
Let b(u) = 4*u**2 - 4*u - 3. Let v(t) = t**2 + t + 1. Let p(h) = b(h) + 4*v(h). Let k(n) = n**2 - 5*n + 3. Let x be k(4). What is p(x)?
9
Let q(f) = 6*f**3 - 2*f**2 - 2*f + 4. Let r be q(1). Let